10)/(-1505)). Suppose 4*l + 22 = b. What is the highest common divisor of 88 and l?
8
Let y = 282 - 403. Let w = 125 + y. Suppose 35 = w*b - 161. What is the greatest common divisor of 7 and b?
7
Let w(p) = p**2 + 7*p + 8. Let u be w(-4). Let r be 34 - -2 - (-3 - (u - 2)). What is the greatest common factor of 264 and r?
33
Let q(o) = o**2 + 16*o - 21. Let i be q(-13). Let g be 0/((4/(-2))/2). Let s be (2/(-3))/(8/i - g). What is the highest common factor of s and 55?
5
Let t = 10 + -35. Let x = 26 + t. Let o be (-48)/((-6)/3 + x). Calculate the greatest common divisor of o and 32.
16
Let v(p) = -2 - 10 + 3*p + 0*p - p. Let m be v(6). Let g be 89 + (1 - -1) - (1 - m). Calculate the greatest common divisor of g and 10.
10
Let o(p) = -2*p - 2*p**3 - 4*p**2 + p**3 + 0*p**3 + 1. Let w be o(-4). Let h be -2 + -5 + 5 + 11. What is the greatest common divisor of h and w?
9
Suppose x + 14*y = 16*y + 727, -5*y + 3695 = 5*x. Calculate the highest common factor of x and 63.
21
Suppose -6*c + 8*c - 3*w = 27, c + w - 6 = 0. Let m(g) = g - 5. Let i be m(c). What is the greatest common factor of 62 and i?
2
Let a(d) = -d**3 + 5*d**2 + d - 5. Let p be a(4). Suppose -12*m + 9*m = 2*y - 789, 0 = 4*y + 13*m - 1529. Calculate the highest common divisor of y and p.
15
Let w = 15 - -117. Suppose 0 = 3*r - 8*m + 10*m - w, -r = -5*m - 27. What is the greatest common factor of 70 and r?
14
Let l be (324/(-3))/(12644/(-632) + 20). What is the highest common factor of l and 36?
36
Suppose 30*b - 31*b + u = -17, -b - u + 15 = 0. Let j(s) = -s**3 + 11*s**2 - 10*s + 8. Let p be j(6). What is the highest common divisor of b and p?
16
Let a = 302 - 371. Let c = a - -75. Calculate the greatest common divisor of 33 and c.
3
Let a be (-1)/2*1*342. Let b = a + 256. Let q = 70 + -36. Calculate the greatest common divisor of b and q.
17
Let p = -9426 - -9886. What is the greatest common divisor of p and 4255?
115
Suppose 2*t + 44 = k - 38, t = 4*k - 363. Suppose 2*a - a = 138. Calculate the highest common factor of k and a.
46
Let h = 26 + -22. Suppose 0 = h*y + 243 - 39. Let b = -49 - y. What is the highest common factor of b and 26?
2
Let z = 22060 - 21775. What is the greatest common divisor of 1482 and z?
57
Suppose 0 = -5*q - 5*p + 2004 - 654, 0 = 2*q + 5*p - 546. Let w = -379 + q. Let l = w - -163. What is the highest common factor of l and 26?
26
Let f be 0/(-2) + 60/4. Let t be (6/5)/(1/f). Let u be (-9)/(-30) + (-348)/(-40). What is the highest common factor of u and t?
9
Suppose 0 = -f - 4*c + 69, 5*f + c - 321 = 5*c. Calculate the highest common factor of 806 and f.
13
Let z(p) = 0*p - 4*p - 3*p - 4*p + 9. Let q be z(-10). Let t = 156 - 139. Calculate the highest common divisor of t and q.
17
Let o be 23*(-726)/(-506) + 1*9. What is the highest common divisor of o and 721?
7
Suppose -4*i + 86 = 5*y - 25, 3*y - 74 = 5*i. Suppose 7*a = 3*a - 28. Let u = y - a. What is the highest common factor of u and 20?
10
Suppose -254*o = -72700 + 11208 - 21566. What is the greatest common divisor of 9 and o?
3
Let v = -154 - -246. Suppose 5*n = -5*y + 255, -y - v = -3*y + 3*n. Calculate the highest common divisor of 1 and y.
1
Suppose d + 5*h - 29 = 2*d, -5*d - 89 = 3*h. Let j(n) = 2*n**3 - 3*n**2 + n - 4. Let f be j(3). Let s = d + f. Calculate the highest common divisor of s and 14.
7
Suppose 0 = -2*c - l - 140, 0 = c - 4*l + 51 + 19. Let p = c - -109. What is the highest common factor of 312 and p?
39
Let g = -68 - -6. Let b = g - 13. Let x = -45 - b. What is the highest common divisor of x and 120?
30
Let a(v) = 83*v - 105. Let r(l) = -3*l + 1. Let w(q) = -a(q) + 3*r(q). Let x be w(1). Let b be 1*-6*(-112)/6. What is the highest common divisor of b and x?
16
Let j(p) = -111*p**3 + p**2 - 12*p - 12. Let k be j(-1). Calculate the highest common divisor of 320 and k.
16
Let u be (199/4 + 2)/(15/40). Let n = u + -83. Calculate the highest common factor of 165 and n.
55
Suppose -196*x = -191*x - 2*o - 41259, 5*x = -2*o + 41271. Calculate the highest common factor of x and 147.
21
Suppose -3*c - 3*l = -5*c + 48, 20 = -5*l. Suppose 3*o = 3*y - 75, 5*o + 38 = -16*y + c*y. Calculate the highest common factor of y and 232.
29
Let d = 24123 - 23600. Calculate the highest common factor of d and 2.
1
Suppose -84*x = -27*x - 28215. Calculate the highest common factor of x and 180.
45
Suppose -3*i - 32 - 361 = 0. Let s = 309 + i. Let a = -124 + s. Calculate the greatest common factor of 6 and a.
6
Suppose 0 = -3*o + 120 + 75. Suppose 1714*a - 52845 = 901*a. Calculate the highest common divisor of a and o.
65
Let t(n) = -n**2 - 9*n + 11. Suppose 30 = 4*v - 2*v. Let y = -24 + v. Let r be t(y). Calculate the greatest common divisor of 66 and r.
11
Let j(m) = 15*m**3 + 4*m**2 + 2*m - 10. Let x be j(2). Let y(r) = -40*r - 3. Let v be y(3). Let a = v - -175. Calculate the greatest common factor of x and a.
26
Suppose 19*i - 18949 - 34431 = -15*i. Calculate the greatest common factor of i and 10.
10
Suppose -5*f + 820 = 8*f - 8*f. Calculate the highest common factor of 148 and f.
4
Suppose 0 = 3*j - 2*d - 26102, 3*j + 2*d = 20117 + 6005. Calculate the greatest common factor of j and 153.
17
Suppose 160*t = 150*t - 382*t + 3716160. Calculate the greatest common factor of t and 79.
79
Let j(c) = c**2 - 14*c + 6. Let n be 9 - (-7)/((-28)/16). Suppose -v = n - 19. Let f be j(v). What is the highest common factor of f and 3?
3
Suppose 0 = 13263*d - 13254*d - 5229. What is the highest common factor of d and 7?
7
Let x be 30*18*4/30. Let o = -56 - -61. Suppose o*r = 4*b + 176, 0 = -2*r + 5*b - 10*b + 77. Calculate the highest common factor of x and r.
36
Let b be 6/((-594)/(-45) - 9)*28. Let g = -16 + -6. Let w = g + 42. Calculate the greatest common factor of b and w.
20
Suppose 0 = 59*q + 62*q + 2083 - 15393. What is the highest common factor of 3355 and q?
55
Let i = 60 - 69. Let x be (-4)/(-4)*-1 - i. What is the highest common factor of x and 12?
4
Let m = -5891 + 5907. What is the greatest common factor of 1080 and m?
8
Let o be (9088/24)/(28/21). Calculate the greatest common divisor of o and 639.
71
Suppose -5*r - 2*z - 240 = 0, -2*r - 67 = 3*z - 8*z. Let h = 71 + r. Suppose -h = 5*p, -4*b + 2*p + 67 = -75. Calculate the highest common factor of b and 264.
33
Let p = 927 + -911. Suppose -554 = -3*h - 164. Suppose -5*a + 5*c - 30 + h = 0, -4*a - 2*c + 56 = 0. What is the greatest common divisor of a and p?
16
Suppose 10*z = -m + 9118, 10118 = -4*m - 5*z + 46485. Calculate the greatest common divisor of 142 and m.
142
Let y(k) = 144*k - 3644. Let n be y(47). Calculate the highest common factor of 33 and n.
11
Let k(c) = -c**3 - 5*c**2 - 16*c + 85. Let a be k(-11). What is the highest common factor of 63 and a?
21
Let g = -16008 - -17216. Calculate the highest common factor of 755 and g.
151
Suppose -q = 3*m - 2 + 5, -4*m - 3*q = 9. Let n(y) = -5*y - 44. Let l be n(-10). Suppose m = -9*h + l*h + 3. Calculate the greatest common factor of 7 and h.
1
Suppose l + 123 = 203. Let g(q) = -q**2 - 7*q + 4. Suppose 19 = -4*j - 5. Let y be g(j). What is the greatest common divisor of y and l?
10
Suppose -60 = j - 3*j - 7*x, 0 = -3*j + 3*x + 144. Calculate the greatest common divisor of 1232 and j.
44
Let g(n) = -22*n - 227. Let l be g(-14). What is the greatest common divisor of l and 945?
27
Let n be (-4)/(-10)*285/228*366. What is the greatest common factor of n and 5063?
61
Let b = 9 - 223. Suppose -2*l - 2011 = 3*l + 2*f, f + 1207 = -3*l. Let r = b - l. What is the highest common divisor of r and 27?
27
Let z = 20001 - 17025. Calculate the highest common factor of 32 and z.
32
Suppose i - t - 11 = -2*t, 4*t = 16. Let q(z) = -z**2 + 10*z - 21. Let n be q(i). Suppose 13*w - 3*w - 90 = n. What is the highest common factor of 18 and w?
9
Let b be (-14)/(-21) + (-68)/3. Let d be (0 + -2)/(b/33). Suppose -d*h + 16 + 14 = 0. Calculate the highest common divisor of 110 and h.
10
Let x(a) = 3*a**2 + 5*a - 69. Let i = -557 + 540. Let m be x(i). Calculate the greatest common divisor of m and 31.
31
Let a = 49324 + -13927. What is the highest common divisor of a and 23?
23
Let g = -148 + 225. Let n = 325429 - 325345. What is the highest common factor of g and n?
7
Let l(q) = q**3 - 15*q**2 - q + 19. Let j be l(15). 